he prime factors of 44391453?
3, 37, 47, 67, 127
List the prime factors of 542066984.
2, 59, 61, 67, 281
List the prime factors of 797806909.
59, 229189
List the prime factors of 657961859.
199, 3306341
What are the prime factors of 65305669?
11, 13, 456683
List the prime factors of 203215572.
2, 3, 7, 401, 2011
List the prime factors of 506864433.
3, 61, 2769751
List the prime factors of 432571441.
432571441
List the prime factors of 2534786368.
2, 39606037
List the prime factors of 62178001.
29, 239, 8971
What are the prime factors of 5414785918?
2, 337, 8033807
What are the prime factors of 36152494?
2, 7, 47, 167
List the prime factors of 5246799742.
2, 33161, 79111
List the prime factors of 3477096764.
2, 599, 1451209
List the prime factors of 154774090.
2, 5, 15477409
List the prime factors of 4312255.
5, 31, 43, 647
What are the prime factors of 928836275?
5, 37153451
What are the prime factors of 1336944616?
2, 7, 1097, 3109
List the prime factors of 23112604.
2, 5778151
List the prime factors of 2364642047.
17, 139096591
List the prime factors of 214054317.
3, 41, 580093
List the prime factors of 1657784613.
3, 31, 599, 29759
List the prime factors of 923661500.
2, 5, 43, 42961
List the prime factors of 24279359.
13, 19, 98297
List the prime factors of 471496851.
3, 7, 53, 141209
List the prime factors of 1750341469.
23, 1049, 72547
List the prime factors of 225577934.
2, 71, 1588577
What are the prime factors of 1131052754?
2, 13, 53, 820793
What are the prime factors of 1472779238?
2, 7, 5717, 18401
List the prime factors of 2748939477.
3, 31, 139, 212651
What are the prime factors of 8695605?
3, 5, 579707
What are the prime factors of 708621053?
7, 23, 4401373
What are the prime factors of 30792518?
2, 827, 18617
What are the prime factors of 1865326766?
2, 67, 13920349
List the prime factors of 40258026.
2, 3, 31, 24049
List the prime factors of 555705199.
7, 79386457
What are the prime factors of 300253541?
7, 17, 2523139
List the prime factors of 511131278.
2, 7, 59, 179, 3457
What are the prime factors of 54807245?
5, 29, 377981
What are the prime factors of 39865467?
3, 563, 23603
List the prime factors of 1313936479.
23, 57127673
What are the prime factors of 451791120?
2, 3, 5, 11, 19, 9007
List the prime factors of 163003172.
2, 1429, 28517
List the prime factors of 2087081569.
2087081569
List the prime factors of 180491202.
2, 3, 2293, 4373
What are the prime factors of 179398900?
2, 5, 1793989
List the prime factors of 147544086.
2, 3, 37, 664613
List the prime factors of 188415576.
2, 3, 2616883
List the prime factors of 528325545.
3, 5, 11, 3201973
What are the prime factors of 2188698222?
2, 3, 37, 9859001
List the prime factors of 1275244074.
2, 3, 13, 41, 547
What are the prime factors of 341703089?
7, 13, 3754979
What are the prime factors of 197842837?
31, 1093, 5839
List the prime factors of 87236917.
479, 182123
What are the prime factors of 16036898?
2, 8018449
List the prime factors of 43272227.
43272227
What are the prime factors of 215103645?
3, 5, 4780081
What are the prime factors of 926225176?
2, 311, 372277
What are the prime factors of 185558505?
3, 5, 11, 1124597
List the prime factors of 54228600.
2, 3, 5, 47, 641
List the prime factors of 61209932.
2, 7, 223, 9803
List the prime factors of 472470258.
2, 3, 13, 465947
What are the prime factors of 74640261?
3, 919, 27073
What are the prime factors of 3800873789?
3800873789
List the prime factors of 35214800.
2, 5, 88037
What are the prime factors of 13196481?
3, 359, 12253
List the prime factors of 148072181.
148072181
What are the prime factors of 254695487?
29, 163, 53881
List the prime factors of 1750033595.
5, 350006719
List the prime factors of 274411047.
3, 91470349
What are the prime factors of 163278082?
2, 11, 389, 19079
List the prime factors of 52279885.
5, 7, 137, 10903
What are the prime factors of 219396288?
2, 3, 17, 67217
List the prime factors of 44502491.
11, 4045681
List the prime factors of 390074382.
2, 3, 53, 61, 6703
What are the prime factors of 3038791647?
3, 31, 3559, 9181
What are the prime factors of 66068219?
7, 1348331
What are the prime factors of 281636495?
5, 7, 23, 89, 3931
List the prime factors of 1971888877.
7, 23, 2903, 4219
What are the prime factors of 1790185608?
2, 3, 24863689
List the prime factors of 8018678554.
2, 23, 37, 47, 59, 1699
List the prime factors of 49718517.
3, 331, 50069
List the prime factors of 429835983.
3, 23, 6229507
List the prime factors of 1578026398.
2, 13, 607, 99989
What are the prime factors of 3761120590?
2, 5, 1153, 326203
What are the prime factors of 6820608621?
3, 2273536207
What are the prime factors of 1101121180?
2, 5, 167, 329677
List the prime factors of 21570278.
2, 97, 111187
List the prime factors of 4377783107.
71, 181, 340657
What are the prime factors of 88104734?
2, 44052367
What are the prime factors of 15110067?
3, 7, 83, 8669
List the prime factors of 830552949.
3, 37, 41, 127, 479
What are the prime factors of 31179545?
5, 6235909
What are the prime factors of 350236508?
2, 53, 59, 28001
List the prime factors of 787998441.
3, 3583, 73309
What are the prime factors of 2234579394?
2, 3, 2767, 134597
What are the prime factors of 2563484767?
31, 199, 415543
List the prime factors of 155050496.
2, 302833
What are the prime factors of 2001033?
3, 222337
List the prime factors of 1455523915.
5, 291104783
List the prime factors of 104713741.
11, 9519431
What are the prime factors of 616048427?
223, 2762549
What are the prime factors of 14563847?
14563847
List the prime factors of 96868872.
2, 3, 149489
What are the prime factors of 119820490?
2, 5, 11982049
What are the prime factors of 896492259?
3, 13, 2554109
List the prime factors of 43021334.
2, 139, 154753
List the prime factors of 4903628127.
3, 13337, 122557
List the prime factors of 1029318607.
83, 12401429
What are the prime factors of 3293583797?
7, 47, 61, 164113
What are the prime factors of 142411012?
2, 43, 677, 1223
List the prime factors of 906846715.
5, 181369343
What are the prime factors of 26219375?
5, 7, 13, 461
What are the prime factors of 902747244?
2, 3, 7, 10746991
List the prime factors of 295904597.
347, 852751
List the prime factors of 212698184.
2, 2861, 9293
List the prime factors of 355399098.
2, 3, 137, 432359
What are the prime factors of 29362514?
2, 733, 20029
What are the prime factors of 608535053?
7, 31, 2804309
List the prime factors of 6797988220.
2, 5, 17, 241, 82963
What are the prime factors of 258817789?
41, 2293, 2753
List the prime factors of 291887858.
2, 17, 8584937
List the prime factors of 13517366.
2, 131, 51593
What are the prime factors of 1960443256?
2, 19, 499, 25847
List the prime factors of 190894828.
2, 47723707
List the prime factors of 236607868.
2, 7, 29, 41627
What are the prime factors of 159798329?
159798329
List the prime factors of 491167957.
7, 70166851
List the prime factors of 55343522.
2, 13, 41, 193, 269
What are the prime factors of 32749574?
2, 11, 13, 43, 2663
What are the prime factors of 123769950?
2, 3, 5, 103, 8011
List the prime factors of 572842258.
2, 3877, 73877
What are the prime factors of 2423465110?
2, 5, 11, 181, 121721
List the prime factors of 6600565.
5, 1320113
What are the prime factors of 900591429?
3, 853, 351931
List the prime factors of 3483607281.
3, 7, 11, 29, 520019
List the prime factors of 114526331.
17, 331, 20353
What are the prime factors of 96815259?
3, 53, 202967
What are the prime factors of 48180803?
11, 29, 73, 2069
List the prime factors of 105829980.
2, 3, 5, 79, 83, 269
What are the prime factors of 5670958930?
2, 5, 7, 13, 479371
What are the prime factors of 250645247?
103, 601, 4049
List the prime factors of 181826478.
2, 3, 3367157
What are the prime factors of 223443884?
2, 443, 126097
List the prime factors of 5955119994.
2, 3, 992519999
What are the prime factors of 128896010?
2, 5, 29, 444469
List the prime factors of 116806457.
3881, 30097
What are the prime factors of 108970024?
2, 13621253
What are the prime factors of 171555466?
2, 17, 43, 271, 433
List the prime factors of 362506447.
362506447
What are the prime factors of 128580472?
2, 16072559
List the prime factors of 603652549.
23, 73,